-17*z**3 - 15*z**2 - 26*z + 2. Let i(n) = 9*n**3 + 7*n**2 + 12*n - 1. Let w(a) = -13*i(a) - 6*t(a). Calculate w(1).
-15
Let h(k) = k - 13. Let p(d) = d + 11. Let x be p(0). What is h(x)?
-2
Let r(z) = z**3 - 7*z**2 - z + 1. Let o be r(7). Let m(i) = 20*i**2 - 19*i - 83. Let a(v) = 7*v**2 - 7*v - 29. Let c(q) = -17*a(q) + 6*m(q). Calculate c(o).
1
Let w(r) = 0 - 2*r**3 - 6 - 28*r**2 + 5087*r - 5088*r. Determine w(-14).
8
Suppose 3*a + 6 = 2*a. Let p be (a + 3 - 1) + 2. Let z(k) = -1. Let j(h) = -h**2 - h - 1. Let w(r) = j(r) - 2*z(r). Give w(p).
-1
Let l(j) = -7*j + j + 5*j. Suppose 14 = 4*f - 6. Suppose -4*v + 4 + 8 = 4*k, -v + k = -f. Determine l(v).
-4
Let o(z) be the third derivative of z**4/4 - z**3/2 + 7*z**2. Let v be o(0). Let b(u) = 2*u - 4*u - u**3 + 0*u - 3*u**2 + 3*u. Determine b(v).
-3
Let h be (-3 + 17/7)*-7. Let g = -8 + h. Let a(d) = -d + 3. Let t(v) = -2*v + 10. Let u(x) = -7*a(x) + 2*t(x). Determine u(g).
-13
Let g(z) be the second derivative of 5/6*z**3 - 7*z - 2*z**2 + 0. Let m(d) = -3*d + 2. Let k(w) = 4*g(w) + 7*m(w). Give k(-7).
5
Let g be ((3 - 11) + -4)*-1. Suppose 7*a = 3*a - g. Let q(m) = m**2 + 4*m - 1. Calculate q(a).
-4
Let n(i) be the third derivative of i**9/60480 + i**8/2880 + i**7/1008 - i**6/720 - 7*i**5/30 - 6*i**2. Let c(w) be the third derivative of n(w). What is c(-6)?
5
Suppose 2*c - 9 = 3*r, -5*c = 4*r - 7*r - 18. Let h(s) = 40*s**3 + 3*s**2 - 21*s**3 - 18*s**3 + 1 - c*s. Let n = 1 - 4. Give h(n).
10
Suppose -17*s = 19 - 104. Let t(b) = -3*b**2 + 6*b. Determine t(s).
-45
Let h(j) = -3*j + 3. Let y be (-58)/4*(-3 - -1). Let z(g) = g**2 + 29*g + 3 - y*g. Let m be z(0). Calculate h(m).
-6
Suppose 0 = -3*q + 12. Let v = q + -2. Let o(j) = 7 - 1 + j**v - 4 - j. Determine o(0).
2
Let a(z) be the second derivative of -z**5/20 - z**4/24 - z**3/6 + 11*z**2 - 16*z. Let w(j) be the first derivative of a(j). Give w(-1).
-3
Let u be (6/4)/(6 + 612/(-96)). Let p(b) = -b**3 - 3*b**2 + 3*b - 5. Calculate p(u).
-1
Let d(n) = -7*n + 39. Let x(r) = 18*r - 111. Let a(c) = -8*d(c) - 3*x(c). Give a(-11).
-1
Let w be 3/(9/15) + -2. Let f(p) = -19*p**w - p**2 + 4*p + 18*p**3 + 5*p**2 - 1. What is f(5)?
-6
Let r be -5 - (-26 - -23)/(3/(-4)). Let n(z) = -z**2 - 6*z + 10. What is n(r)?
-17
Let p(f) = -16*f**3 + 2*f**2 + 3. Let h(k) = 9*k**3 - k**2 - 2. Let q(d) = 5*h(d) + 3*p(d). Calculate q(1).
-3
Let b(f) = f**3 + 2*f**2 - 4*f. Let l(t) = -3*t - 26. Let h(p) = -2*p - 25. Let k(r) = 5*h(r) - 4*l(r). Let m be k(9). Determine b(m).
3
Suppose -5*q - d = -76, 2*q - 48 = -0*q + 4*d. Let s = q + -11. Let z be 10/(-4)*(-10)/s. Let b(v) = -v**3 + 6*v**2 - 6*v + 5. What is b(z)?
0
Let j = 321 + -317. Let z(b) = -6*b - 11 - b**2 + 2*b**2 + 9. Determine z(j).
-10
Let h(j) = -1609 + 3213 - 1598 - j**2 + 7*j. Suppose 3*c - 28 = 2*s, 5*c - 4*s = c + 44. Calculate h(c).
12
Suppose -6*p = -3*v - 72, -5*v = -0*v. Let t(x) = -x**2 + 14*x - 21. Give t(p).
3
Let c(l) = l - 8. Let d(k) = k**3 - 5*k**2 - k + 2. Let n be d(5). Let y be n + -1 - (1 - 5). What is c(y)?
-8
Let f(j) = j**2 - 6*j - 5. Suppose 0 = 3*a - 22 + 1. Let u be f(a). Suppose 0 = y - u*y + 1. Let m(s) = -2*s**3 - 1. Determine m(y).
-3
Let a(l) = -l**2 + 1 + 5*l + 0*l - 2*l. Suppose -3*m + 4*m = 2. Suppose -2 = -2*o + m. Give a(o).
3
Let b(r) = -r**2 - 6*r + 4. Let h be 1 + 4/((-8)/4). Let g be (9 + (-5 - h))*-1. What is b(g)?
9
Let c(y) = -48 - 9*y + 11*y + 61. Give c(-5).
3
Let p(q) be the first derivative of q**2/2 - 2*q + 2. Suppose -5*n - 2*s = -15, -4*n + 2*s - 22 = -16. Determine p(n).
-1
Let l(z) be the second derivative of 1/12*z**4 + 0 + 3*z - 1/6*z**3 + 0*z**2. Give l(1).
0
Let r(x) = -3*x**2 + 3*x - 2. Let k be 1*(0/3 - -3). Suppose 0 = a - 9 - k. Let y = 14 - a. Calculate r(y).
-8
Let o(l) = -28*l + 3. Let y(k) = -19*k + 2. Let v(x) = 2*x**3 + x**2 + 7. Let h be v(0). Let f(q) = h*y(q) - 5*o(q). What is f(1)?
6
Let a(r) = -3*r**2 + 104*r - 59. Let b be a(34). Let i(p) = -3*p + 31. Calculate i(b).
4
Let d(u) = 189*u + 112. Let y(n) = 10*n + 6. Let x(h) = 3*d(h) - 56*y(h). What is x(-1)?
-7
Let y(c) = c**3 - 10*c**2 + 6*c + 29. Let g be y(9). Let f(v) = 6*v - 4*v + g*v + 3 - 2*v. Let i(b) = -2*b**2 - 5*b - 3. Let n be i(-3). Determine f(n).
-9
Let d(a) be the second derivative of -a**4/12 - a**3/6 - 21*a**2/2 + a. Let j = 18 - 13. Suppose j = -3*u - 4, -2*u - 6 = 3*c. What is d(c)?
-21
Let h = 3117 + -3109. Let t(y) = y**2 - 6*y - 17. What is t(h)?
-1
Let r(s) = -2*s**2 + s - 1. Let v be r(2). Let d be (-1 + 5)*(v - -17). Let t = -36 + d. Let i(z) = 4*z - 2. Calculate i(t).
14
Let w(h) = -3*h - 4. Suppose 0*i + 12*i = -72. What is w(i)?
14
Let u(g) = g**3 - 3*g**2 + 2*g + 3. Suppose 50 + 88 = 46*x. What is u(x)?
9
Let f(h) be the second derivative of -h**5/20 + h**4/12 - h**3/6 + 19*h**2 + 138*h. Calculate f(0).
38
Let f(a) = -a - 5*a**2 - 164 + 5*a + 161. Let l(u) = 22*u**2 - 17*u + 13. Let q(h) = -9*f(h) - 2*l(h). What is q(-2)?
9
Let p(q) be the third derivative of q**4/24 - 5*q**3/3 - 3*q**2. Suppose 5*s = 155 - 45. Let x = s - 17. Calculate p(x).
-5
Suppose 0 = 2*y - r - 12, -1 - 3 = -r. Let i(f) = 10*f**3 - f + 6*f**2 - 11*f**3 - 7*f**2 - y. Determine i(0).
-8
Suppose -2*t = 4*i - 34, t = 4*i - 98 + 97. Let g(v) = -v - 8. Calculate g(t).
-19
Let y(d) = 18*d**2 + 3 - 60*d**2 - 12*d + 19*d**2 + 22*d**2. Calculate y(-12).
3
Let r(c) = -c**2 - 16*c + 103. Let x be r(-21). Suppose 12 = -0*v - 2*v. Let a be 3 + v*1/x. Let f(q) = q**3 - 5*q**2 - 6*q + 6. Give f(a).
6
Let h(j) = 0*j**2 - 3*j + 125 + 11*j - 137 - j**2. Let i(w) = w**3 - w**2 - w + 8. Let v be i(0). Calculate h(v).
-12
Let v(c) be the third derivative of 1/60*c**5 + 5/6*c**3 + 0*c + 0 + 1/24*c**4 + 4*c**2. Calculate v(0).
5
Let d(z) = -z - 2. Let l be d(-4). Let t(p) = -p + 3*p + 4 - 2*p**l - 3*p. Let n = 16 - 19. What is t(n)?
-11
Suppose 0 = -2*a - 4*r, -2*a + 8*r - 6 = 9*r. Let g(u) = u - 3. Give g(a).
-7
Let f = 760 + -788. Let o(r) = -r**2 - 29*r - 30. Give o(f).
-2
Let f(s) = s - 2. Let h(o) = -3*o - 26. Let k be 8 + -19 + 2 + -3. Let v be h(k). Suppose 4*x - v = -2. Calculate f(x).
0
Let n be 9*1*(-3)/((-27)/6). Let o(b) = -3*b**2 + 18 - 28 - n*b + 13 + 4*b**2. Calculate o(5).
-2
Let l(o) = o**3 - 4*o**2 + 4*o - 6. Let g(f) = -34*f + 173. Let j be g(5). Calculate l(j).
-3
Let j(z) = -11*z + 5. Let b(i) = -13*i + 8. Let y(d) = -3*b(d) + 5*j(d). What is y(-1)?
17
Suppose -4*r + 0*f = f - 20, 0 = 5*f. Let c(i) = -4*i + 5. Let p(q) = -2*q + 2. Let k(b) = 3*c(b) - 5*p(b). Calculate k(r).
-5
Let j be 1 + 12 - (-3)/(-1). Let s be ((-56)/j)/((-8)/20). Suppose -16*a + 18 = -s*a. Let g(r) = r**3 - 8*r**2 - 8*r - 12. Calculate g(a).
-3
Let o = 8 - 1. Let j(d) be the first derivative of -d**6/360 + 3*d**5/40 - 3*d**4/8 + 13*d**3/3 - 5. Let f(n) be the third derivative of j(n). Determine f(o).
5
Let s(j) be the third derivative of j**6/60 - 13*j**5/60 + 5*j**4/24 + 7*j**3/6 - 50*j**2. What is s(6)?
1
Let l(p) = 2*p**2 + p**2 + 2*p + p**2 + 4*p. Determine l(-3).
18
Let x(h) = -3*h**3. Let s be x(-1). Suppose -s*g + 12 = g. Suppose -g*b + 23 = -4*t - 0*b, 2*t = -4*b + 16. Let k(o) = -o**3 - 2*o**2 - 2. Determine k(t).
-2
Suppose 0*q = -3*q - 24. Let h(z) = -z**3 - 9*z**2 - 9*z - 3. What is h(q)?
5
Let a(s) = s**2 + 3*s - 9. Suppose -380 = 65*q + 11*q. Calculate a(q).
1
Let m(o) = -7*o**2 - o. Let t = -143 - -92. Let j be (-6)/15 - t/15. Suppose -j + 5 = 2*x. Determine m(x).
-8
Let f(w) be the first derivative of w**2/2 + 163. What is f(8)?
8
Let f(m) = m**3 + m**2 - 3. Let j(z) = 2 - 9*z + 14*z - 10 - 7*z. Let d be j(-4). Give f(d).
-3
Suppose 0 = 4*l + 5 + 7. Let b(j) = -4*j + 0*j + 2*j - 6. Let v(a) = a + 1. Let s(p) = -b(p) - 3*v(p). Give s(l).
6
Let g(f) = -2*f**3 + 3*f**3 - 6 + 2*f + 7*f**2 - 3*f. Let m(t) = 86*t + 509. Let o be m(-6). What is g(o)?
1
Let t(y) = 7*y + 4. Suppose 0 = z - 5*l - 9, 3*z - 5*l + 3 = -0*z. Let h be (1 + z)/(8 - 9). Suppose h*c + 21 = 6. What is t(c)?
-17
Let o(w) be the second derivative of -w**4/6 + 5*w**3/6 + w**2 - 7*w + 7. Calculate o(4).
-10
Let w(i) = -i**2 + 6*i - 4. Let p be 1 + -1 - 9/((-9)/4). Calculate w(p).
4
Let t(u) = 1 + 443*u - 449*u - 2. Suppose j + 2 = -1. Let d = j + 1. What is t(d)?
11
Let v(x) be the second derivative of 0*x**2 + 0 + 6*x + 2/3*x**3. Calculate v